ided by 4?
2
Suppose -40*g = -36*g - 516. Calculate the remainder when g is divided by 33.
30
Suppose -b = 2*b - 54. Suppose -5*h - 38 = 67. What is the remainder when (-5)/((-18)/h - 1) is divided by b?
17
Suppose 35 = 5*m - 5. Let y = m - 1. Let k(q) = -12*q + 1. Calculate the remainder when k(-2) is divided by y.
4
Let k = 70 - 34. Calculate the remainder when 141 is divided by k.
33
Suppose -4*l - 10 + 46 = 0. Let d = 18 - l. Let s(w) = w**3 - 6*w**2 + 5. Calculate the remainder when d is divided by s(6).
4
Let r(x) = x - x - 2 - 4*x. What is the remainder when 27 is divided by r(-3)?
7
Suppose 2*z + 3*o = 66, -z + 4*o + 65 = 2*z. Suppose -26*i = -z*i + 40. Calculate the remainder when 119 is divided by i.
39
Suppose 4*n + 4*x - 16 = 0, -x + 0*x - 5 = 0. Let k(v) = v**3 + 7*v**2 - 3*v. Let c be k(-8). What is the remainder when ((-4)/10)/(1/c) is divided by n?
7
Suppose -2*v - 23 = -169. Suppose -5*l + 142 = -v. What is the remainder when l is divided by 15?
13
Suppose -3*u - 2*u + 67 = 3*c, u - 47 = -3*c. What is the remainder when 68 is divided by c?
12
Suppose -h + 14 + 13 = 0. What is the remainder when h is divided by 15?
12
Let z(w) = w**2 + 9*w - 2. Let o be z(-7). Let v = o + 52. Let g(n) = -n**3 - n**2 + 18*n + 9. Calculate the remainder when v is divided by g(-5).
17
Let u(y) = -y**3 - 6*y**2 - 7*y + 8. Suppose 28 = -3*f + 5*q, -4*f + 0 - 22 = q. Calculate the remainder when u(f) is divided by 13.
11
Let g(s) = 11*s**3 + s**2 - 2*s + 1. Let r be g(1). Calculate the remainder when 33 is divided by 4/6*-3 + r.
6
Let n = 2 - 0. Suppose 35 = 3*h + n*a, h - 5 = -a - a. What is the remainder when 29 is divided by h?
14
Let k(p) = p**2 + 6*p + 3. Let b be k(-6). Suppose b*d - 7*d + 212 = 0. What is the remainder when d is divided by (-9)/(1/2*-1)?
17
Let w(y) = 76*y**3 - 2*y**2 + 1. What is the remainder when w(1) is divided by 19?
18
Let g(r) = r**3 + 10*r**2 - 13*r + 20. Calculate the remainder when g(-11) is divided by 11.
9
Suppose -9*c + 228 = -5*c. Calculate the remainder when c is divided by 16.
9
Calculate the remainder when (-2)/(-6)*1*591 is divided by 33.
32
Suppose 5*o - 71 = -h - 2*h, -h - 2*o = -25. Calculate the remainder when 151 is divided by h.
15
Let a be ((-16)/(-10))/(1/(-5)). Let i = 6 - a. Calculate the remainder when i is divided by 8.
6
Suppose 2*l + c - 16 = 31, 2*l = 4*c + 22. Suppose 9 + 6 = 5*p. Let j(x) = 7*x**2 - 2. Calculate the remainder when j(p) is divided by l.
19
Suppose -3*y = -5*l + 73, -2*l + 8*y + 33 = 3*y. Let q = -7 + l. Calculate the remainder when q is divided by 3.
1
Let l(d) = -d**2 - 23*d - 32. Calculate the remainder when 16 is divided by l(-21).
6
Suppose 4*z + z = 25. Suppose a - 2 = -m + 9, -z*a + 43 = 3*m. What is the remainder when 10 is divided by m?
4
Let m = 9 + -1. Let b(a) = 32*a - 1. Calculate the remainder when b(1) is divided by m.
7
Suppose 0 = 2*f - 34 + 98. Let o = f - -51. Calculate the remainder when o is divided by 4.
3
Suppose 0 = -3*z + 3*v - 6, 1 = 2*z - 4*v + 9. Suppose z = 3*f - 41 + 2. What is the remainder when f is divided by 7?
6
Let a(b) = -3*b - 33. Suppose 3*d = w + 243, 2*w + 43 = -3*d + 286. Let o = d + -52. What is the remainder when o is divided by a(-16)?
14
Let x = 46 - 25. What is the remainder when x is divided by 13?
8
Suppose 630 = 5*d + 3*z - 8*z, 5*z = -4*d + 531. What is the remainder when d is divided by 66?
63
Let h = -13 + 37. Let k(w) = 2*w**2 - 10*w - 3. Calculate the remainder when k(9) is divided by h.
21
Suppose -6*t - 16 = -2*t. Suppose -3*k + 42 = -2*m, 0 = -0*k - k - 4. Calculate the remainder when 11 is divided by t*(m/6)/3.
5
Suppose 4*k + 4 = 28. What is the remainder when 15 is divided by k?
3
Let t(l) = l**2 + l - 2. Let r be t(-5). Suppose d + 3*x = 11, -3*d + r = -x + 5*x. What is the remainder when 6 is divided by d?
0
Let p(g) = -g**3 - 7*g**2 + 8*g - 1. Let a be p(-8). What is the remainder when 25 is divided by a/(-3) - (-38)/3?
12
Suppose -k + 23 = 4*g, 0*g - 2*g = -k - 7. What is the remainder when 13 is divided by g?
3
Let o(d) = 19*d**3 - d. Suppose -5 + 0 = -5*c. Suppose -102 = -5*v + 2*v. Calculate the remainder when v is divided by o(c).
16
Suppose 0 = o - 5*o + 96. Let z = o + -13. Suppose -10 - 21 = -u. Calculate the remainder when u is divided by z.
9
Suppose 16 = a + 2*c, -5*a + 32 = 5*c - 48. What is the remainder when 28 is divided by a?
12
Let l(g) = -g**3 - 2*g**2. Let z(s) = 17*s**2. Let x be z(-2). Suppose x = -2*i + 6*i. What is the remainder when i is divided by l(-3)?
8
Suppose 0 = 4*m + 3*o - 4*o - 131, -4*m - 5*o + 113 = 0. Suppose -4*c + 17 = -27. What is the remainder when m is divided by c?
10
Let a(z) = -z**3 + 6*z**2 - 6*z + 6. What is the remainder when 22 is divided by a(4)?
8
Suppose -5*b = 3*f + 18 - 95, -2*f = -2*b - 62. Calculate the remainder when f is divided by 5.
4
Let w(u) = 16*u**2 - u. Let c be (-2 - -2 - 1) + 2. Calculate the remainder when 1/((-2)/(-86)*1) is divided by w(c).
13
Calculate the remainder when 27 is divided by 3*(85/15 - 1).
13
Suppose -2*n + 51 = n. Suppose -7*b = -28 - 7. Suppose -m - 13 = -3*j + 10, -b*m = -4*j + 16. What is the remainder when n is divided by j?
8
Let s(w) = w**3 + 5*w**2 - 7*w - 4. Let r be s(-6). Calculate the remainder when (r + 15)*3 - -1 is divided by 2 + 17 + (-3)/3.
16
Let z = -37 + 60. Let t(u) = 11*u**2 + u. Calculate the remainder when z is divided by t(1).
11
Let v = 52 + -104. Let j = v - -126. What is the remainder when j is divided by 19?
17
Suppose -4*p + 11 = -5. Let i = 27 - 19. Let h = 15 - i. What is the remainder when h is divided by p?
3
Suppose 3*h - 75 + 24 = 0. What is the remainder when 100 is divided by h?
15
Let j(n) = n**3 + n - 1. Let w(z) = 1. Let g(v) = -j(v) - 3*w(v). What is the remainder when 21 is divided by g(-2)?
5
Suppose 4*p - u - 73 = 0, -4*u = -p - 0*p + 37. Suppose -3*h - 9 = -4*o + 121, 2*o - 56 = -3*h. Calculate the remainder when o is divided by p.
14
Let w = 55 - 52. What is the remainder when 6 is divided by w?
0
Let a = 5 + -5. Suppose -4*q + 9*q = a. Let y = q + 20. What is the remainder when y is divided by 11?
9
Calculate the remainder when 13 is divided by 2 + 4/8*2.
1
Let i be 4/(-2)*(-300)/8. Suppose 4*a = 5*u + i, 3*a - 65 = 5*u + a. Let n = u + 25. What is the remainder when n is divided by 8?
6
Let q(j) = 23*j - 9. Suppose 4 - 8 = -f. Calculate the remainder when q(f) is divided by 21.
20
Let v(x) = x**3 - 4*x**2 - 19*x + 14. What is the remainder when v(7) is divided by 10?
8
Let j(s) = s**3 + 11*s**2 + 6*s + 1. Let u be j(-5). Suppose -u - 14 = -5*y. What is the remainder when y is divided by ((-14)/(-2))/(2/4)?
13
Suppose -2*k = 3*m + 2, 4*m = 6*k - 2*k + 24. Let v be 31/2 + (-1)/m. Let h = v - 6. Calculate the remainder when 16 is divided by h.
7
Suppose 0 = 5*h - 2*r - r - 279, 0 = 3*h - 5*r - 161. What is the remainder when h is divided by 29?
28
What is the remainder when 50 is divided by (-4)/10 + (-348)/(-20)?
16
Let n = 4 - 2. What is the remainder when (n - 0) + 0 + 23 is divided by 14?
11
Suppose -2*s - l = 0, 0 = -5*s - l - 2 - 4. Let f(m) = 6*m**2 - 2*m + 1. What is the remainder when f(s) is divided by 10?
9
Suppose 22 = 5*a - 3. Suppose v = 3*o - 9 - a, -5*v - 22 = -3*o. What is the remainder when 6 is divided by o?
2
Suppose -7*w + 5*w = 0. Suppose w = -0*j - j + 11. Calculate the remainder when 19 is divided by j.
8
Let k be (3 - (2 - 1))*1. Suppose 6 + 10 = k*v + f, -f = 0. Calculate the remainder when 29 is divided by v.
5
Let p be 344/(-24) - (-4)/(-6). Let y be ((-12)/(-15))/(2/p). Calculate the remainder when 32 is divided by y/15 - (-57)/5.
10
Suppose i - 5*n + 2 = 8, 114 = 5*i - 4*n. Let h(w) = -w + 7. Let y be h(0). Suppose -5*l = -6*l + y. What is the remainder when i is divided by l?
5
Let a = -5 - -6. What is the remainder when (-2)/(-8) - 75/(-4) is divided by (-117)/(-12) - a/(-4)?
9
Suppose -2*n = -16 - 0. Suppose -i = 3*i - n. Suppose r + 10 = 6*r, -2*d + i*r = -34. Calculate the remainder when d is divided by 10.
9
Suppose 5*s + 30 = -0*s. Let a = -23 + 39. Let o = s + a. Calculate the remainder when 29 is divided by o.
9
Suppose -2*h = z + 12, -3*z - 40 = z + 4*h. Let b = 5 + z. What is the remainder when b*(-1)/3*3 is divided by 2?
1
Suppose -9 = -5*d +